) = -179*k**3 - 1250*k**2 + 47*k + 178. Determine a(-7).
-4
Let u(b) = b**3 - 131*b**2 - 947*b + 8. Determine u(138).
2630
Let h(b) = 22*b**2 + 444*b + 966. Calculate h(-21).
1344
Let v(x) = -22*x - 70. Give v(23).
-576
Let c(b) = b**3 - 24*b**2 - 535*b + 304. Calculate c(38).
190
Let r(y) = 54*y**2 - 3507*y - 94. Give r(65).
101
Let p(s) = -2359*s + 21827. Determine p(11).
-4122
Let b(o) = 662*o - 1248. What is b(2)?
76
Let r(b) = 1769*b + 704. Give r(-1).
-1065
Let t(c) = -535*c**2 - 91484*c + 153. Determine t(-171).
-18
Let l(p) = -39795*p**2 + 358159*p - 49. Calculate l(9).
-13
Let z(p) = p**2 - 979*p + 232043. What is z(403)?
-85
Let f(u) = -29*u**2 - 7926*u + 48634. Give f(6).
34
Let k(u) = -u**3 + 331*u**2 + 1710*u + 93. What is k(-5)?
-57
Let o(n) = -29943*n + 509034. Determine o(17).
3
Let v(k) = -5370*k - 622940. Give v(-116).
-20
Let i(r) = -12*r**2 + 625*r - 8518. Determine i(27).
-391
Let j(z) = 2*z**3 - 25*z**2 - 355*z - 86. Calculate j(21).
-44
Let w(a) = 3395*a - 2047190. Give w(603).
-5
Let z(y) = 749*y - 633. What is z(0)?
-633
Let l(h) = 906*h + 7564. What is l(-8)?
316
Let t(i) = -8824*i + 308852. What is t(35)?
12
Let t(d) = d**2 - 52*d - 456. Calculate t(-32).
2232
Let n(j) = -j**3 + 18*j**2 + 404*j - 1320. Determine n(30).
0
Let y(c) = 28*c**2 + 785*c + 5456. Determine y(-13).
-17
Let p(k) = -3*k**3 - 11*k**2 + 4*k + 77. Determine p(-3).
47
Let f(v) = -v**3 + 43*v**2 - 234*v - 169. Give f(37).
-613
Let v(t) = -t**3 + 2*t**2 + 834*t - 4960. Give v(0).
-4960
Let b(c) = 4*c**3 + 119*c**2 - 211*c - 2. Determine b(-31).
1734
Let k(c) = 1535*c + 35308. What is k(-23)?
3
Let m(r) = 6*r**3 + 2286*r**2 + 2250*r - 11406. What is m(-380)?
-6
Let c(h) = 20*h**2 - 2978*h - 347. What is c(149)?
-49
Let r(n) = -29824*n - 89474. What is r(-3)?
-2
Let v(o) = 8293*o - 157562. What is v(19)?
5
Let r(f) = 6*f**2 + 123*f - 510. Calculate r(5).
255
Let d(u) = -u**2 - 5255*u - 745906. Determine d(-146).
8
Let j(v) = -v**3 + v**2 + 641*v + 3606. Give j(-6).
12
Let b(o) = -670*o + 215759. Give b(322).
19
Let o(j) = -16*j**2 - 966*j - 3448. Determine o(-56).
472
Let c(n) = 8*n**2 - 2443*n + 1004. What is c(305)?
89
Let p(o) = 6*o**2 - 457*o + 6245. Determine p(58).
-77
Let a(m) = m**2 - 4*m - 1968. What is a(-44)?
144
Let t(z) = 3*z**3 + 14*z**2 + 725*z + 3646. What is t(-5)?
-4
Let j(c) = -60*c**2 + 869*c - 1193. Give j(13).
-36
Let h(v) = 22*v**2 + 2070*v - 20409. Determine h(9).
3
Let x(i) = 4538*i - 4145. Give x(1).
393
Let d(c) = -c**2 + 1147*c + 33976. What is d(-29)?
-128
Let u(j) = -j**3 - 49193*j**2 + 147589*j. What is u(3)?
3
Let z(k) = -14000*k - 10612005. Calculate z(-758).
-5
Let p(s) = s**3 - 20*s**2 - 4153*s + 2115. Determine p(75).
15
Let a(f) = -591*f + 6065. Determine a(10).
155
Let k(l) = -12327*l + 2391446. Determine k(194).
8
Let g(c) = 5*c**3 + 129*c**2 - 147*c - 75. What is g(-27)?
-480
Let a(y) = 59*y**2 - 1951*y - 4026. Give a(35).
-36
Let p(z) = 5*z**3 - 416*z**2 + 90*z - 473. Give p(83).
108
Let f(r) = r**3 - 66*r**2 - 778*r - 23. Calculate f(-10).
157
Let b(i) = i**3 - 34*i**2 - 3284*i - 2081. Calculate b(77).
-2
Let p(l) = l**2 + 184*l - 9821. Calculate p(43).
-60
Let r(g) = -22*g**2 - 16474*g - 49434. Give r(-3).
-210
Let j(l) = l**2 - 74*l + 561. Determine j(8).
33
Let m(t) = -37*t + 2015. Calculate m(63).
-316
Let b(u) = -71684*u + 2437261. What is b(34)?
5
Let u(f) = 43400*f - 260468. Determine u(6).
-68
Let i(r) = r**3 + 17*r**2 + 118*r + 995. Give i(-13).
137
Let b(c) = -1956*c - 203413. What is b(-104)?
11
Let c(b) = 7*b**3 + 17*b**2 - 7*b - 12. Give c(1).
5
Let x(c) = -c**3 - 19*c**2 - 16*c + 313. What is x(-17)?
7
Let q(p) = 2677*p - 514019. Determine q(192).
-35
Let p(c) = 3700*c - 10892. What is p(3)?
208
Let i(f) = -f**2 + 68*f + 5599. Determine i(-49).
-134
Let u(s) = -10*s**3 + 267*s**2 + 2485*s - 75. Determine u(34).
27
Let o(s) = 47*s**2 - 22*s - 6. What is o(3)?
351
Let r(g) = 7969*g - 366542. Calculate r(46).
32
Let t(c) = 2*c**2 + 448*c + 24845. Give t(-123).
-1
Let v(h) = 3*h**2 + 153*h - 722. Give v(7).
496
Let m(j) = -4*j**3 + 91*j**2 - 449*j + 14. Give m(15).
254
Let p(y) = 3*y**3 + 13*y**2 + 4*y + 6. What is p(11)?
5616
Let m(p) = -3*p**3 + 103*p**2 - 160*p + 92. Give m(33).
-832
Let b(d) = d**2 + 82921*d + 497491. Calculate b(-6).
1
Let f(n) = -17326*n**2 + 1541996*n + 1599. Determine f(89).
-3
Let c(p) = -2*p**3 + 1250*p**2 - 18*p + 11253. What is c(625)?
3
Let b(z) = -2*z**2 + 222*z - 4299. Calculate b(74).
1177
Let b(k) = -8*k**2 + 93*k - 230. What is b(13)?
-373
Let w(f) = -113*f**2 - 68153*f - 8381. Calculate w(-603).
61
Let a(m) = m**3 - 16*m**2 + 25*m + 45. Determine a(14).
3
Let p(t) = -18994*t + 35855. Calculate p(2).
-2133
Let b(h) = 154456*h + 617828. What is b(-4)?
4
Let d(i) = 29*i - 1872. What is d(57)?
-219
Let u(n) = 52640*n - 368468. What is u(7)?
12
Let k(s) = 3*s**2 - 467*s - 928. Calculate k(-2).
18
Let s(w) = -15*w - 718. Calculate s(24).
-1078
Let v(t) = 5946*t + 546964. Determine v(-92).
-68
Let w(g) = -5*g**2 - 13*g + 197. Calculate w(4).
65
Let t(l) = 3*l**3 - 7*l**2 - 156*l + 1216. Determine t(8).
1056
Let k(r) = 186*r**2 + 3869*r - 37499. Determine k(-28).
-7
Let g(r) = 35465*r + 107077. What is g(-3)?
682
Let t(s) = 3453*s - 117105. Give t(34).
297
Let j(l) = -8390*l + 100667. Determine j(12).
-13
Let t(h) = h**3 + 78*h**2 + 453*h - 3114. Give t(-71).
10
Let t(z) = 161*z**2 - 1553*z - 7794. Give t(-5).
3996
Let q(m) = -2*m**2 - 188*m + 794. Calculate q(4).
10
Let f(s) = s**3 - 10*s**2 + 1090*s - 5270. What is f(5)?
55
Let s(y) = -12443*y - 68065. What is s(-5)?
-5850
Let v(d) = -348*d + 16261. What is v(47)?
-95
Let y(q) = 544*q**2 - 2747*q + 134. Calculate y(5).
-1
Let j(b) = -205*b**2 - 661*b + 10654. Give j(-9).
-2
Let u(s) = -s**3 + 213*s**2 + 881*s - 2857. Calculate u(217).
-36
Let w(r) = -5*r**2 + 314*r - 1640. Calculate w(57).
13
Let n(q) = 17102*q - 1607611. What is n(94)?
-23
Let j(q) = 242*q + 25160. Determine j(-106).
-492
Let d(k) = k**2 + 4282*k + 42706. Calculate d(-10).
-14
Let t(i) = 128*i**2 + 4769*i - 52. Determine t(-37).
-1273
Let d(g) = 400*g + 63358. Give d(-158).
158
Let a(k) = -243*k**2 - 52949*k + 5414. Give a(-218).
-36
Let i(w) = w**2 - 131*w - 53584. What is i(-175)?
-34
Let g(f) = -f**2 - 787*f - 149503. Calculate g(-320).
-63
Let b(j) = j**3 - 22*j**2 + 183*j - 2752. What is b(17)?
-1086
Let h(d) = 49*d**2 + 1720*d + 232. Determine h(-35).
57
Let h(q) = 3925*q + 3501. Calculate h(-1).
-424
Let q(f) = -f**3 - 95*f**2 + 31*f + 2839. Calculate q(-95).
-106
Let k(w) = w**3 + 115*w**2 + 3242*w - 1244. Calculate k(-64).
164
Let c(m) = 298*m - 70042. Give c(235).
-12
Let n(t) = -20*t**3 - 198*t**2 + 119*t + 1110. Give n(-10).
120
Let r(c) = 10*c**3 - 54*c**2 + 30*c + 7. Determine r(4).
-97
Let x(y) = y**3 + 156*y**2 - 1768*y - 229399. Determine x(-158).
17
Let m(a) = -a**3 + 66*a**2 + 499*a + 785. What is m(73)?
-91
Let k(r) = 873*r + 5971. Give k(-7).
-140
Let x(f) = -105*f**3 + 13*f**2 - 22*f - 52. Calculate x(-3).
2966
Let r(k) = 2*k**3 - 49*k**2 - 68*k - 35. Calculate r(26).
225
Let a(t) = t**3 - 12*t**2 - 55*t - 138. Calculate a(16).
6
Let b(o) = 604*o + 1840. What is b(-3)?
28
Let f(j) = -480*j + 520. Determine f(-6).
3400
Let z(d) = -2*d**3 - 246*d**2 - 7552*d - 53. Determine z(-64).
-53
Let g(v) = v**2 - 8075*v + 56509. What is g(7)?
33
Let u(y) = -y**2 + 93089*y - 372326. Give u(4).
14
Let a(l) = 5*l**3 + 48*l**2 + 194*l + 1004. Calculate a(-8).
-36
Let x(g) = -456*g + 2372. What is x(5)?
92
Let t(z) = -164860*z + 1483747. Give t(9).
7
Let d(p) = p**2 - 192*p + 3117. Determine d(17).
142
Let s(j) = -j**3 - 103*j**2 - 2563*j - 4471. Give s(-37).
6
Let z(h) = h**2 + 1645*h + 46840. Give z(-29).
-24
Let m(d) = -4*d**3 - 35*d**2 - 751*d - 6847. Determine m(-9).
-7
Let j(p) = -97*p**2 - 1533*p + 9160. Calculate j(6).
-3530
Let h(s) = -8*s**2 + 849*s - 17155. Determine h(79).
-12
Let z(o) = -1309*o - 176720. Determine z(-135).
-5
Let q(u) = -u**2 + 30757*u + 122996. Calculate q(-4).
-48
Let m(p) = -p**3 - 42*p**2 - 3311*p - 124627. What is m(-39)?
-61
Let a(o) = o**3 - 112*o**2 - 678*o - 3550. Determine a(118).
-10
Let r(m) = m**3 - 308*m**2 - 183317*m + 4872. Determine r(609).
0
Let x(a) = -1993*a + 243159. Give x(122).
13
Let b(u) = 